{"id":102,"date":"2020-04-14T05:16:55","date_gmt":"2020-04-14T05:16:55","guid":{"rendered":"http:\/\/amica.kosmetik-badwaldsee.de\/?page_id=102"},"modified":"2025-12-02T12:35:36","modified_gmt":"2025-12-02T12:35:36","slug":"profi-make-up","status":"publish","type":"page","link":"https:\/\/kosmetik-badwaldsee.de\/?page_id=102","title":{"rendered":"Profi Make-up"},"content":{"rendered":"\n<p>Lassen Sie sich professionell schminken \u2013 bei Ihren Spezialisten f\u00fcr Profi Make-up in Bad Waldsee!<\/p>\n\n\n\n<p>Unsere Visagisten zeigen Ihnen die neusten Looks und schminken Sie passend f\u00fcr jeden Anlass. Ob Sie sich selbst jeden Tag besser schminken m\u00f6chten oder sich entspannt zur\u00fccklehnen und unsere Make-up Artists Ihr sch\u00f6nstes Ich zum Vorschein bringen lassen m\u00f6chten \u2013 wir beraten Sie gerne zu Ihrem individuellen Look!&nbsp;<\/p>\n\n\n\n<p><strong>Tages Make-up\u00a0<\/strong>\u2013 65\u20ac<\/p>\n\n\n\n<p><strong>Special Make-up<\/strong>\u00a0\u2013 85\u20ac<br>Abend oder Foto Make-up<\/p>\n\n\n\n<p><strong>Hochzeits Make-up<\/strong>\u00a0\u2013 230\u20ac<br>F\u00fcr Ihren sch\u00f6nsten Tag nehmen wir uns viel Zeit, um das perfekte Make-up zu kreieren.<br>Braut Make-up Beratung &amp; Probeschminken inkl. Schminken am Hochzeitstag in der Parf\u00fcmerie<\/p>\n\n\n\n<p><strong>Typberatung<\/strong>&nbsp;\u2013 95\u20ac<br>Individuelles Make-up mit Schminkberatung ca. 120 Minuten<\/p>\n\n\n<a class=\"maxbutton-1 maxbutton maxbutton-termin-buchen\" target=\"_blank\" rel=\"noopener\" href=\"http:\/\/widget.timify.com\/partner\/e5db654d-1644-440b-97a4-9a4fd3c9c54c-594508dd2a225d0f383c586c?showGuestForm=true\"><span class='mb-text'>Jetzt Termin buchen!<\/span><\/a>\n\n\n<p><\/p>\n","protected":false},"excerpt":{"rendered":"<p>Lassen Sie sich professionell schminken \u2013 bei Ihren Spezialisten f\u00fcr Profi Make-up in Bad Waldsee! Unsere Visagisten zeigen Ihnen die neusten Looks und schminken Sie passend f\u00fcr jeden Anlass. Ob Sie sich selbst jeden Tag besser schminken m\u00f6chten oder sich entspannt zur\u00fccklehnen und unsere Make-up Artists Ihr sch\u00f6nstes Ich zum Vorschein bringen lassen m\u00f6chten \u2013 [&hellip;]<\/p>\n","protected":false},"author":1,"featured_media":26,"parent":64,"menu_order":0,"comment_status":"closed","ping_status":"closed","template":"","meta":{"_mi_skip_tracking":false},"yoast_head":"<!-- This site is optimized with the Yoast SEO plugin v20.1 - https:\/\/yoast.com\/wordpress\/plugins\/seo\/ -->\n<title>Profi Make-up Bad Waldsee - Kosmetik Bad Waldsee<\/title>\n<meta name=\"description\" content=\"Sie m\u00f6chten das perfekte Make-up f\u00fcr einen besonderen Anlass? Unsere Profis schminken und beraten Sie gerne - zeigen Sie Ihr sch\u00f6nstes Ich!\" \/>\n<meta name=\"robots\" content=\"index, follow, max-snippet:-1, max-image-preview:large, max-video-preview:-1\" \/>\n<link rel=\"canonical\" href=\"https:\/\/kosmetik-badwaldsee.de\/?page_id=102\" \/>\n<meta property=\"og:locale\" content=\"de_DE\" \/>\n<meta property=\"og:type\" content=\"article\" \/>\n<meta property=\"og:title\" content=\"Profi Make-up Bad Waldsee - Kosmetik Bad Waldsee\" \/>\n<meta property=\"og:description\" content=\"Sie m\u00f6chten das perfekte Make-up f\u00fcr einen besonderen Anlass? Unsere Profis schminken und beraten Sie gerne - zeigen Sie Ihr sch\u00f6nstes Ich!\" \/>\n<meta property=\"og:url\" content=\"https:\/\/kosmetik-badwaldsee.de\/?page_id=102\" \/>\n<meta property=\"og:site_name\" content=\"Kosmetik Bad Waldsee\" \/>\n<meta property=\"article:modified_time\" content=\"2025-12-02T12:35:36+00:00\" \/>\n<meta property=\"og:image\" content=\"https:\/\/kosmetik-badwaldsee.de\/wp-content\/uploads\/2020\/04\/Fotolia_165464340_S.jpg\" \/>\n\t<meta property=\"og:image:width\" content=\"849\" \/>\n\t<meta property=\"og:image:height\" content=\"566\" \/>\n\t<meta property=\"og:image:type\" content=\"image\/jpeg\" \/>\n<meta name=\"twitter:card\" content=\"summary_large_image\" \/>\n<meta name=\"twitter:label1\" content=\"Gesch\u00e4tzte Lesezeit\" \/>\n\t<meta name=\"twitter:data1\" content=\"1\u00a0Minute\" \/>\n<script type=\"application\/ld+json\" class=\"yoast-schema-graph\">{\"@context\":\"https:\/\/schema.org\",\"@graph\":[{\"@type\":\"WebPage\",\"@id\":\"https:\/\/kosmetik-badwaldsee.de\/?page_id=102\",\"url\":\"https:\/\/kosmetik-badwaldsee.de\/?page_id=102\",\"name\":\"Profi Make-up Bad Waldsee - Kosmetik Bad Waldsee\",\"isPartOf\":{\"@id\":\"https:\/\/kosmetik-badwaldsee.de\/#website\"},\"datePublished\":\"2020-04-14T05:16:55+00:00\",\"dateModified\":\"2025-12-02T12:35:36+00:00\",\"description\":\"Sie m\u00f6chten das perfekte Make-up f\u00fcr einen besonderen Anlass? Unsere Profis schminken und beraten Sie gerne - zeigen Sie Ihr sch\u00f6nstes Ich!\",\"breadcrumb\":{\"@id\":\"https:\/\/kosmetik-badwaldsee.de\/?page_id=102#breadcrumb\"},\"inLanguage\":\"de\",\"potentialAction\":[{\"@type\":\"ReadAction\",\"target\":[\"https:\/\/kosmetik-badwaldsee.de\/?page_id=102\"]}]},{\"@type\":\"BreadcrumbList\",\"@id\":\"https:\/\/kosmetik-badwaldsee.de\/?page_id=102#breadcrumb\",\"itemListElement\":[{\"@type\":\"ListItem\",\"position\":1,\"name\":\"Startseite\",\"item\":\"https:\/\/kosmetik-badwaldsee.de\/\"},{\"@type\":\"ListItem\",\"position\":2,\"name\":\"Make-up\",\"item\":\"https:\/\/kosmetik-badwaldsee.de\/?page_id=64\"},{\"@type\":\"ListItem\",\"position\":3,\"name\":\"Profi Make-up\"}]},{\"@type\":\"WebSite\",\"@id\":\"https:\/\/kosmetik-badwaldsee.de\/#website\",\"url\":\"https:\/\/kosmetik-badwaldsee.de\/\",\"name\":\"Kosmetik Bad Waldsee\",\"description\":\"\",\"publisher\":{\"@id\":\"https:\/\/kosmetik-badwaldsee.de\/#organization\"},\"potentialAction\":[{\"@type\":\"SearchAction\",\"target\":{\"@type\":\"EntryPoint\",\"urlTemplate\":\"https:\/\/kosmetik-badwaldsee.de\/?s={search_term_string}\"},\"query-input\":\"required name=search_term_string\"}],\"inLanguage\":\"de\"},{\"@type\":\"Organization\",\"@id\":\"https:\/\/kosmetik-badwaldsee.de\/#organization\",\"name\":\"Kosmetik Bad Waldsee\",\"url\":\"https:\/\/kosmetik-badwaldsee.de\/\",\"logo\":{\"@type\":\"ImageObject\",\"inLanguage\":\"de\",\"@id\":\"https:\/\/kosmetik-badwaldsee.de\/#\/schema\/logo\/image\/\",\"url\":\"https:\/\/kosmetik-badwaldsee.de\/wp-content\/uploads\/2020\/04\/Amica_Bittel_2c.jpg\",\"contentUrl\":\"https:\/\/kosmetik-badwaldsee.de\/wp-content\/uploads\/2020\/04\/Amica_Bittel_2c.jpg\",\"width\":1392,\"height\":630,\"caption\":\"Kosmetik Bad Waldsee\"},\"image\":{\"@id\":\"https:\/\/kosmetik-badwaldsee.de\/#\/schema\/logo\/image\/\"}}]}<\/script>\n<!-- \/ Yoast SEO plugin. -->","yoast_head_json":{"title":"Profi Make-up Bad Waldsee - Kosmetik Bad Waldsee","description":"Sie m\u00f6chten das perfekte Make-up f\u00fcr einen besonderen Anlass? Unsere Profis schminken und beraten Sie gerne - zeigen Sie Ihr sch\u00f6nstes Ich!","robots":{"index":"index","follow":"follow","max-snippet":"max-snippet:-1","max-image-preview":"max-image-preview:large","max-video-preview":"max-video-preview:-1"},"canonical":"https:\/\/kosmetik-badwaldsee.de\/?page_id=102","og_locale":"de_DE","og_type":"article","og_title":"Profi Make-up Bad Waldsee - Kosmetik Bad Waldsee","og_description":"Sie m\u00f6chten das perfekte Make-up f\u00fcr einen besonderen Anlass? Unsere Profis schminken und beraten Sie gerne - zeigen Sie Ihr sch\u00f6nstes Ich!","og_url":"https:\/\/kosmetik-badwaldsee.de\/?page_id=102","og_site_name":"Kosmetik Bad Waldsee","article_modified_time":"2025-12-02T12:35:36+00:00","og_image":[{"width":849,"height":566,"url":"https:\/\/kosmetik-badwaldsee.de\/wp-content\/uploads\/2020\/04\/Fotolia_165464340_S.jpg","type":"image\/jpeg"}],"twitter_card":"summary_large_image","twitter_misc":{"Gesch\u00e4tzte Lesezeit":"1\u00a0Minute"},"schema":{"@context":"https:\/\/schema.org","@graph":[{"@type":"WebPage","@id":"https:\/\/kosmetik-badwaldsee.de\/?page_id=102","url":"https:\/\/kosmetik-badwaldsee.de\/?page_id=102","name":"Profi Make-up Bad Waldsee - Kosmetik Bad Waldsee","isPartOf":{"@id":"https:\/\/kosmetik-badwaldsee.de\/#website"},"datePublished":"2020-04-14T05:16:55+00:00","dateModified":"2025-12-02T12:35:36+00:00","description":"Sie m\u00f6chten das perfekte Make-up f\u00fcr einen besonderen Anlass? Unsere Profis schminken und beraten Sie gerne - zeigen Sie Ihr sch\u00f6nstes Ich!","breadcrumb":{"@id":"https:\/\/kosmetik-badwaldsee.de\/?page_id=102#breadcrumb"},"inLanguage":"de","potentialAction":[{"@type":"ReadAction","target":["https:\/\/kosmetik-badwaldsee.de\/?page_id=102"]}]},{"@type":"BreadcrumbList","@id":"https:\/\/kosmetik-badwaldsee.de\/?page_id=102#breadcrumb","itemListElement":[{"@type":"ListItem","position":1,"name":"Startseite","item":"https:\/\/kosmetik-badwaldsee.de\/"},{"@type":"ListItem","position":2,"name":"Make-up","item":"https:\/\/kosmetik-badwaldsee.de\/?page_id=64"},{"@type":"ListItem","position":3,"name":"Profi Make-up"}]},{"@type":"WebSite","@id":"https:\/\/kosmetik-badwaldsee.de\/#website","url":"https:\/\/kosmetik-badwaldsee.de\/","name":"Kosmetik Bad Waldsee","description":"","publisher":{"@id":"https:\/\/kosmetik-badwaldsee.de\/#organization"},"potentialAction":[{"@type":"SearchAction","target":{"@type":"EntryPoint","urlTemplate":"https:\/\/kosmetik-badwaldsee.de\/?s={search_term_string}"},"query-input":"required name=search_term_string"}],"inLanguage":"de"},{"@type":"Organization","@id":"https:\/\/kosmetik-badwaldsee.de\/#organization","name":"Kosmetik Bad Waldsee","url":"https:\/\/kosmetik-badwaldsee.de\/","logo":{"@type":"ImageObject","inLanguage":"de","@id":"https:\/\/kosmetik-badwaldsee.de\/#\/schema\/logo\/image\/","url":"https:\/\/kosmetik-badwaldsee.de\/wp-content\/uploads\/2020\/04\/Amica_Bittel_2c.jpg","contentUrl":"https:\/\/kosmetik-badwaldsee.de\/wp-content\/uploads\/2020\/04\/Amica_Bittel_2c.jpg","width":1392,"height":630,"caption":"Kosmetik Bad Waldsee"},"image":{"@id":"https:\/\/kosmetik-badwaldsee.de\/#\/schema\/logo\/image\/"}}]}},"_links":{"self":[{"href":"https:\/\/kosmetik-badwaldsee.de\/index.php?rest_route=\/wp\/v2\/pages\/102"}],"collection":[{"href":"https:\/\/kosmetik-badwaldsee.de\/index.php?rest_route=\/wp\/v2\/pages"}],"about":[{"href":"https:\/\/kosmetik-badwaldsee.de\/index.php?rest_route=\/wp\/v2\/types\/page"}],"author":[{"embeddable":true,"href":"https:\/\/kosmetik-badwaldsee.de\/index.php?rest_route=\/wp\/v2\/users\/1"}],"replies":[{"embeddable":true,"href":"https:\/\/kosmetik-badwaldsee.de\/index.php?rest_route=%2Fwp%2Fv2%2Fcomments&post=102"}],"version-history":[{"count":7,"href":"https:\/\/kosmetik-badwaldsee.de\/index.php?rest_route=\/wp\/v2\/pages\/102\/revisions"}],"predecessor-version":[{"id":696,"href":"https:\/\/kosmetik-badwaldsee.de\/index.php?rest_route=\/wp\/v2\/pages\/102\/revisions\/696"}],"up":[{"embeddable":true,"href":"https:\/\/kosmetik-badwaldsee.de\/index.php?rest_route=\/wp\/v2\/pages\/64"}],"wp:featuredmedia":[{"embeddable":true,"href":"https:\/\/kosmetik-badwaldsee.de\/index.php?rest_route=\/wp\/v2\/media\/26"}],"wp:attachment":[{"href":"https:\/\/kosmetik-badwaldsee.de\/index.php?rest_route=%2Fwp%2Fv2%2Fmedia&parent=102"}],"curies":[{"name":"wp","href":"https:\/\/api.w.org\/{rel}","templated":true}]}}

<p>Lassen Sie sich professionell schminken – bei Ihren Spezialisten für Profi Make-up in Bad Waldsee!</p>



<p>Unsere Visagisten zeigen Ihnen die neusten Looks und schminken Sie passend für jeden Anlass. Ob Sie sich selbst jeden Tag besser schminken möchten oder sich entspannt zurücklehnen und unsere Make-up Artists Ihr schönstes Ich zum Vorschein bringen lassen möchten – wir beraten Sie gerne zu Ihrem individuellen Look!&nbsp;</p>



<p><strong>Tages Make-up </strong>– 65€</p>



<p><strong>Special Make-up</strong> – 85€<br>Abend oder Foto Make-up</p>



<p><strong>Hochzeits Make-up</strong> – 230€<br>Für Ihren schönsten Tag nehmen wir uns viel Zeit, um das perfekte Make-up zu kreieren.<br>Braut Make-up Beratung &amp; Probeschminken inkl. Schminken am Hochzeitstag in der Parfümerie</p>



<p><strong>Typberatung</strong>&nbsp;– 95€<br>Individuelles Make-up mit Schminkberatung ca. 120 Minuten</p>


<a class="maxbutton-1 maxbutton maxbutton-termin-buchen" target="_blank" rel="noopener" href="http://widget.timify.com/partner/e5db654d-1644-440b-97a4-9a4fd3c9c54c-594508dd2a225d0f383c586c?showGuestForm=true"><span class='mb-text'>Jetzt Termin buchen!</span></a>


<p></p>

<p>Lassen Sie sich professionell schminken – bei Ihren Spezialisten für Profi Make-up in Bad Waldsee! Unsere Visagisten zeigen Ihnen die neusten Looks und schminken Sie passend für jeden Anlass. Ob Sie sich selbst jeden Tag besser schminken möchten oder sich entspannt zurücklehnen und unsere Make-up Artists Ihr schönstes Ich zum Vorschein bringen lassen möchten – [&hellip;]</p>

<!-- This site is optimized with the Yoast SEO plugin v20.1 - https://yoast.com/wordpress/plugins/seo/ -->
<title>Profi Make-up Bad Waldsee - Kosmetik Bad Waldsee</title>
<meta name="description" content="Sie möchten das perfekte Make-up für einen besonderen Anlass? Unsere Profis schminken und beraten Sie gerne - zeigen Sie Ihr schönstes Ich!" />
<meta name="robots" content="index, follow, max-snippet:-1, max-image-preview:large, max-video-preview:-1" />
<link rel="canonical" href="https://kosmetik-badwaldsee.de/?page_id=102" />
<meta property="og:locale" content="de_DE" />
<meta property="og:type" content="article" />
<meta property="og:title" content="Profi Make-up Bad Waldsee - Kosmetik Bad Waldsee" />
<meta property="og:description" content="Sie möchten das perfekte Make-up für einen besonderen Anlass? Unsere Profis schminken und beraten Sie gerne - zeigen Sie Ihr schönstes Ich!" />
<meta property="og:url" content="https://kosmetik-badwaldsee.de/?page_id=102" />
<meta property="og:site_name" content="Kosmetik Bad Waldsee" />
<meta property="article:modified_time" content="2025-12-02T12:35:36+00:00" />
<meta property="og:image" content="https://kosmetik-badwaldsee.de/wp-content/uploads/2020/04/Fotolia_165464340_S.jpg" />
	<meta property="og:image:width" content="849" />
	<meta property="og:image:height" content="566" />
	<meta property="og:image:type" content="image/jpeg" />
<meta name="twitter:card" content="summary_large_image" />
<meta name="twitter:label1" content="Geschätzte Lesezeit" />
	<meta name="twitter:data1" content="1 Minute" />
<script type="application/ld+json" class="yoast-schema-graph">{"@context":"https://schema.org","@graph":[{"@type":"WebPage","@id":"https://kosmetik-badwaldsee.de/?page_id=102","url":"https://kosmetik-badwaldsee.de/?page_id=102","name":"Profi Make-up Bad Waldsee - Kosmetik Bad Waldsee","isPartOf":{"@id":"https://kosmetik-badwaldsee.de/#website"},"datePublished":"2020-04-14T05:16:55+00:00","dateModified":"2025-12-02T12:35:36+00:00","description":"Sie möchten das perfekte Make-up für einen besonderen Anlass? Unsere Profis schminken und beraten Sie gerne - zeigen Sie Ihr schönstes Ich!","breadcrumb":{"@id":"https://kosmetik-badwaldsee.de/?page_id=102#breadcrumb"},"inLanguage":"de","potentialAction":[{"@type":"ReadAction","target":["https://kosmetik-badwaldsee.de/?page_id=102"]}]},{"@type":"BreadcrumbList","@id":"https://kosmetik-badwaldsee.de/?page_id=102#breadcrumb","itemListElement":[{"@type":"ListItem","position":1,"name":"Startseite","item":"https://kosmetik-badwaldsee.de/"},{"@type":"ListItem","position":2,"name":"Make-up","item":"https://kosmetik-badwaldsee.de/?page_id=64"},{"@type":"ListItem","position":3,"name":"Profi Make-up"}]},{"@type":"WebSite","@id":"https://kosmetik-badwaldsee.de/#website","url":"https://kosmetik-badwaldsee.de/","name":"Kosmetik Bad Waldsee","description":"","publisher":{"@id":"https://kosmetik-badwaldsee.de/#organization"},"potentialAction":[{"@type":"SearchAction","target":{"@type":"EntryPoint","urlTemplate":"https://kosmetik-badwaldsee.de/?s={search_term_string}"},"query-input":"required name=search_term_string"}],"inLanguage":"de"},{"@type":"Organization","@id":"https://kosmetik-badwaldsee.de/#organization","name":"Kosmetik Bad Waldsee","url":"https://kosmetik-badwaldsee.de/","logo":{"@type":"ImageObject","inLanguage":"de","@id":"https://kosmetik-badwaldsee.de/#/schema/logo/image/","url":"https://kosmetik-badwaldsee.de/wp-content/uploads/2020/04/Amica_Bittel_2c.jpg","contentUrl":"https://kosmetik-badwaldsee.de/wp-content/uploads/2020/04/Amica_Bittel_2c.jpg","width":1392,"height":630,"caption":"Kosmetik Bad Waldsee"},"image":{"@id":"https://kosmetik-badwaldsee.de/#/schema/logo/image/"}}]}</script>
<!-- / Yoast SEO plugin. -->

Sie möchten das perfekte Make-up für einen besonderen Anlass? Unsere Profis schminken und beraten Sie gerne - zeigen Sie Ihr schönstes Ich!
