{"id":147,"date":"2020-04-14T07:03:53","date_gmt":"2020-04-14T07:03:53","guid":{"rendered":"http:\/\/amica.kosmetik-badwaldsee.de\/?page_id=147"},"modified":"2025-12-14T09:12:09","modified_gmt":"2025-12-14T09:12:09","slug":"koerperanwendungen","status":"publish","type":"page","link":"https:\/\/kosmetik-badwaldsee.de\/?page_id=147","title":{"rendered":"K\u00f6rperanwendungen"},"content":{"rendered":"\n<p>Erleben Sie unsere einzigartigen Wellness Anwendungen in Bad Waldsee: Ob Hamam, Massage, Druckpunktmassage oder Muskellockerung, hier finden Sie bestimmt das richtige, um mal wieder richtig zu entspannen. Unsere Experten beraten Sie gerne &#8211; ob f\u00fcr eine besondere Me-Time oder als Geschenk f\u00fcr Ihre Liebsten. Fragen Sie auch gerne nach unseren Wellness Gutscheinen. <\/p>\n\n\n\n<p>Haut wie Samt und Seide am ganzen K\u00f6rper \u2013 entspannen Sie mit unseren Massagen in Bad Waldsee:\u00a0<\/p>\n\n\n\n<figure class=\"wp-block-table\"><table><tbody><tr><td>Massagezeremonie (Hamam)<\/td><td>120 Minuten Verw\u00f6hnzeit &#8211; 140\u20ac<\/td><\/tr><tr><td>Gesichts- und Kopfmassage (auch einzeln buchbar je 20\u20ac)<\/td><td>je 20 Minuten Verw\u00f6hnzeit&nbsp; &#8211; 40\u20ac<\/td><\/tr><tr><td>Schokoladen R\u00fcckenmassage<\/td><td>45 Minuten Verw\u00f6hnzeit&nbsp; &#8211; 55\u20ac<\/td><\/tr><tr><td>Gesichtsmassage mit Schokolade<\/td><td>30 Minuten Verw\u00f6hnzeit&nbsp; &#8211; 45\u20ac<\/td><\/tr><tr><td>Bamboo Massage Ganzk\u00f6rper mit Bambus St\u00e4ben (Muskellockerung)<\/td><td>60 Minuten Verw\u00f6hnzeit&nbsp; &#8211; 70\u20ac<\/td><\/tr><tr><td>Wellness Ganzk\u00f6rper Massage (Knet- und Streichmassage)<\/td><td>70 Minuten Verw\u00f6hnzeit&nbsp; &#8211; 60\u20ac<\/td><\/tr><tr><td>Tibet Massage Ganzk\u00f6rper mit warmen S\u00e4ckchen gef\u00fcllt mit Lavagestein und totem Meer Salz<\/td><td>60 Minuten Verw\u00f6hnzeit&nbsp; &#8211; 75\u20ac<\/td><\/tr><tr><td>Ganzk\u00f6rper Druckpunktmassage \u00fcber die Meridiane<\/td><td>60 Minuten Verw\u00f6hnzeit&nbsp; &#8211; 75\u20ac<\/td><\/tr><tr><td>R\u00fcckenmassage<\/td><td>30 Minuten Verw\u00f6hnzeit \u2013 39\u20ac<\/td><\/tr><tr><td>R\u00fcckenreinigung<\/td><td>45 Minuten \u2013 50\u20ac<\/td><\/tr><tr><td>Ganzk\u00f6rpermassage<\/td><td>55 Minuten Verw\u00f6hnzeit \u2013 75\u20ac<\/td><\/tr><tr><td>Ganzk\u00f6rpermassage &amp; Peeling<br>Die Behandlung beginnt mit einem Ganzk\u00f6rperpeeling gefolgt von einer Spezialmassage, die belebt und entkrampft<\/td><td>85 Minuten Verw\u00f6hnzeit \u2013 90\u20ac<\/td><\/tr><tr><td>Fu\u00dfenergiemassage<\/td><td>40 Minuten Verw\u00f6hnzeit \u2013 45\u20ac<\/td><\/tr><\/tbody><\/table><\/figure>\n","protected":false},"excerpt":{"rendered":"<p>Erleben Sie unsere einzigartigen Wellness Anwendungen in Bad Waldsee: Ob Hamam, Massage, Druckpunktmassage oder Muskellockerung, hier finden Sie bestimmt das richtige, um mal wieder richtig zu entspannen. Unsere Experten beraten Sie gerne &#8211; ob f\u00fcr eine besondere Me-Time oder als Geschenk f\u00fcr Ihre Liebsten. Fragen Sie auch gerne nach unseren Wellness Gutscheinen. Haut wie Samt [&hellip;]<\/p>\n","protected":false},"author":1,"featured_media":28,"parent":59,"menu_order":0,"comment_status":"closed","ping_status":"closed","template":"","meta":{"_mi_skip_tracking":false},"yoast_head":"<!-- This site is optimized with the Yoast SEO plugin v20.1 - https:\/\/yoast.com\/wordpress\/plugins\/seo\/ -->\n<title>K\u00f6rperanwendungen - Kosmetik Bad Waldsee<\/title>\n<meta name=\"robots\" content=\"index, follow, max-snippet:-1, max-image-preview:large, max-video-preview:-1\" \/>\n<link rel=\"canonical\" href=\"https:\/\/kosmetik-badwaldsee.de\/?page_id=147\" \/>\n<meta property=\"og:locale\" content=\"de_DE\" \/>\n<meta property=\"og:type\" content=\"article\" \/>\n<meta property=\"og:title\" content=\"K\u00f6rperanwendungen - Kosmetik Bad Waldsee\" \/>\n<meta property=\"og:description\" content=\"Erleben Sie unsere einzigartigen Wellness Anwendungen in Bad Waldsee: Ob Hamam, Massage, Druckpunktmassage oder Muskellockerung, hier finden Sie bestimmt das richtige, um mal wieder richtig zu entspannen. Unsere Experten beraten Sie gerne &#8211; ob f\u00fcr eine besondere Me-Time oder als Geschenk f\u00fcr Ihre Liebsten. Fragen Sie auch gerne nach unseren Wellness Gutscheinen. Haut wie Samt [&hellip;]\" \/>\n<meta property=\"og:url\" content=\"https:\/\/kosmetik-badwaldsee.de\/?page_id=147\" \/>\n<meta property=\"og:site_name\" content=\"Kosmetik Bad Waldsee\" \/>\n<meta property=\"article:modified_time\" content=\"2025-12-14T09:12:09+00:00\" \/>\n<meta property=\"og:image\" content=\"https:\/\/kosmetik-badwaldsee.de\/wp-content\/uploads\/2020\/04\/Fotolia_139378924_M.jpg\" \/>\n\t<meta property=\"og:image:width\" content=\"1688\" \/>\n\t<meta property=\"og:image:height\" content=\"1125\" \/>\n\t<meta property=\"og:image:type\" content=\"image\/jpeg\" \/>\n<meta name=\"twitter:card\" content=\"summary_large_image\" \/>\n<meta name=\"twitter:label1\" content=\"Gesch\u00e4tzte Lesezeit\" \/>\n\t<meta name=\"twitter:data1\" content=\"2\u00a0Minuten\" \/>\n<script type=\"application\/ld+json\" class=\"yoast-schema-graph\">{\"@context\":\"https:\/\/schema.org\",\"@graph\":[{\"@type\":\"WebPage\",\"@id\":\"https:\/\/kosmetik-badwaldsee.de\/?page_id=147\",\"url\":\"https:\/\/kosmetik-badwaldsee.de\/?page_id=147\",\"name\":\"K\u00f6rperanwendungen - Kosmetik Bad Waldsee\",\"isPartOf\":{\"@id\":\"https:\/\/kosmetik-badwaldsee.de\/#website\"},\"datePublished\":\"2020-04-14T07:03:53+00:00\",\"dateModified\":\"2025-12-14T09:12:09+00:00\",\"breadcrumb\":{\"@id\":\"https:\/\/kosmetik-badwaldsee.de\/?page_id=147#breadcrumb\"},\"inLanguage\":\"de\",\"potentialAction\":[{\"@type\":\"ReadAction\",\"target\":[\"https:\/\/kosmetik-badwaldsee.de\/?page_id=147\"]}]},{\"@type\":\"BreadcrumbList\",\"@id\":\"https:\/\/kosmetik-badwaldsee.de\/?page_id=147#breadcrumb\",\"itemListElement\":[{\"@type\":\"ListItem\",\"position\":1,\"name\":\"Startseite\",\"item\":\"https:\/\/kosmetik-badwaldsee.de\/\"},{\"@type\":\"ListItem\",\"position\":2,\"name\":\"K\u00f6rperpflege\",\"item\":\"https:\/\/kosmetik-badwaldsee.de\/?page_id=59\"},{\"@type\":\"ListItem\",\"position\":3,\"name\":\"K\u00f6rperanwendungen\"}]},{\"@type\":\"WebSite\",\"@id\":\"https:\/\/kosmetik-badwaldsee.de\/#website\",\"url\":\"https:\/\/kosmetik-badwaldsee.de\/\",\"name\":\"Kosmetik Bad Waldsee\",\"description\":\"\",\"publisher\":{\"@id\":\"https:\/\/kosmetik-badwaldsee.de\/#organization\"},\"potentialAction\":[{\"@type\":\"SearchAction\",\"target\":{\"@type\":\"EntryPoint\",\"urlTemplate\":\"https:\/\/kosmetik-badwaldsee.de\/?s={search_term_string}\"},\"query-input\":\"required name=search_term_string\"}],\"inLanguage\":\"de\"},{\"@type\":\"Organization\",\"@id\":\"https:\/\/kosmetik-badwaldsee.de\/#organization\",\"name\":\"Kosmetik Bad Waldsee\",\"url\":\"https:\/\/kosmetik-badwaldsee.de\/\",\"logo\":{\"@type\":\"ImageObject\",\"inLanguage\":\"de\",\"@id\":\"https:\/\/kosmetik-badwaldsee.de\/#\/schema\/logo\/image\/\",\"url\":\"https:\/\/kosmetik-badwaldsee.de\/wp-content\/uploads\/2020\/04\/Amica_Bittel_2c.jpg\",\"contentUrl\":\"https:\/\/kosmetik-badwaldsee.de\/wp-content\/uploads\/2020\/04\/Amica_Bittel_2c.jpg\",\"width\":1392,\"height\":630,\"caption\":\"Kosmetik Bad Waldsee\"},\"image\":{\"@id\":\"https:\/\/kosmetik-badwaldsee.de\/#\/schema\/logo\/image\/\"}}]}<\/script>\n<!-- \/ Yoast SEO plugin. -->","yoast_head_json":{"title":"K\u00f6rperanwendungen - Kosmetik Bad Waldsee","robots":{"index":"index","follow":"follow","max-snippet":"max-snippet:-1","max-image-preview":"max-image-preview:large","max-video-preview":"max-video-preview:-1"},"canonical":"https:\/\/kosmetik-badwaldsee.de\/?page_id=147","og_locale":"de_DE","og_type":"article","og_title":"K\u00f6rperanwendungen - Kosmetik Bad Waldsee","og_description":"Erleben Sie unsere einzigartigen Wellness Anwendungen in Bad Waldsee: Ob Hamam, Massage, Druckpunktmassage oder Muskellockerung, hier finden Sie bestimmt das richtige, um mal wieder richtig zu entspannen. Unsere Experten beraten Sie gerne &#8211; ob f\u00fcr eine besondere Me-Time oder als Geschenk f\u00fcr Ihre Liebsten. Fragen Sie auch gerne nach unseren Wellness Gutscheinen. Haut wie Samt [&hellip;]","og_url":"https:\/\/kosmetik-badwaldsee.de\/?page_id=147","og_site_name":"Kosmetik Bad Waldsee","article_modified_time":"2025-12-14T09:12:09+00:00","og_image":[{"width":1688,"height":1125,"url":"https:\/\/kosmetik-badwaldsee.de\/wp-content\/uploads\/2020\/04\/Fotolia_139378924_M.jpg","type":"image\/jpeg"}],"twitter_card":"summary_large_image","twitter_misc":{"Gesch\u00e4tzte Lesezeit":"2\u00a0Minuten"},"schema":{"@context":"https:\/\/schema.org","@graph":[{"@type":"WebPage","@id":"https:\/\/kosmetik-badwaldsee.de\/?page_id=147","url":"https:\/\/kosmetik-badwaldsee.de\/?page_id=147","name":"K\u00f6rperanwendungen - Kosmetik Bad Waldsee","isPartOf":{"@id":"https:\/\/kosmetik-badwaldsee.de\/#website"},"datePublished":"2020-04-14T07:03:53+00:00","dateModified":"2025-12-14T09:12:09+00:00","breadcrumb":{"@id":"https:\/\/kosmetik-badwaldsee.de\/?page_id=147#breadcrumb"},"inLanguage":"de","potentialAction":[{"@type":"ReadAction","target":["https:\/\/kosmetik-badwaldsee.de\/?page_id=147"]}]},{"@type":"BreadcrumbList","@id":"https:\/\/kosmetik-badwaldsee.de\/?page_id=147#breadcrumb","itemListElement":[{"@type":"ListItem","position":1,"name":"Startseite","item":"https:\/\/kosmetik-badwaldsee.de\/"},{"@type":"ListItem","position":2,"name":"K\u00f6rperpflege","item":"https:\/\/kosmetik-badwaldsee.de\/?page_id=59"},{"@type":"ListItem","position":3,"name":"K\u00f6rperanwendungen"}]},{"@type":"WebSite","@id":"https:\/\/kosmetik-badwaldsee.de\/#website","url":"https:\/\/kosmetik-badwaldsee.de\/","name":"Kosmetik Bad Waldsee","description":"","publisher":{"@id":"https:\/\/kosmetik-badwaldsee.de\/#organization"},"potentialAction":[{"@type":"SearchAction","target":{"@type":"EntryPoint","urlTemplate":"https:\/\/kosmetik-badwaldsee.de\/?s={search_term_string}"},"query-input":"required name=search_term_string"}],"inLanguage":"de"},{"@type":"Organization","@id":"https:\/\/kosmetik-badwaldsee.de\/#organization","name":"Kosmetik Bad Waldsee","url":"https:\/\/kosmetik-badwaldsee.de\/","logo":{"@type":"ImageObject","inLanguage":"de","@id":"https:\/\/kosmetik-badwaldsee.de\/#\/schema\/logo\/image\/","url":"https:\/\/kosmetik-badwaldsee.de\/wp-content\/uploads\/2020\/04\/Amica_Bittel_2c.jpg","contentUrl":"https:\/\/kosmetik-badwaldsee.de\/wp-content\/uploads\/2020\/04\/Amica_Bittel_2c.jpg","width":1392,"height":630,"caption":"Kosmetik Bad Waldsee"},"image":{"@id":"https:\/\/kosmetik-badwaldsee.de\/#\/schema\/logo\/image\/"}}]}},"_links":{"self":[{"href":"https:\/\/kosmetik-badwaldsee.de\/index.php?rest_route=\/wp\/v2\/pages\/147"}],"collection":[{"href":"https:\/\/kosmetik-badwaldsee.de\/index.php?rest_route=\/wp\/v2\/pages"}],"about":[{"href":"https:\/\/kosmetik-badwaldsee.de\/index.php?rest_route=\/wp\/v2\/types\/page"}],"author":[{"embeddable":true,"href":"https:\/\/kosmetik-badwaldsee.de\/index.php?rest_route=\/wp\/v2\/users\/1"}],"replies":[{"embeddable":true,"href":"https:\/\/kosmetik-badwaldsee.de\/index.php?rest_route=%2Fwp%2Fv2%2Fcomments&post=147"}],"version-history":[{"count":9,"href":"https:\/\/kosmetik-badwaldsee.de\/index.php?rest_route=\/wp\/v2\/pages\/147\/revisions"}],"predecessor-version":[{"id":705,"href":"https:\/\/kosmetik-badwaldsee.de\/index.php?rest_route=\/wp\/v2\/pages\/147\/revisions\/705"}],"up":[{"embeddable":true,"href":"https:\/\/kosmetik-badwaldsee.de\/index.php?rest_route=\/wp\/v2\/pages\/59"}],"wp:featuredmedia":[{"embeddable":true,"href":"https:\/\/kosmetik-badwaldsee.de\/index.php?rest_route=\/wp\/v2\/media\/28"}],"wp:attachment":[{"href":"https:\/\/kosmetik-badwaldsee.de\/index.php?rest_route=%2Fwp%2Fv2%2Fmedia&parent=147"}],"curies":[{"name":"wp","href":"https:\/\/api.w.org\/{rel}","templated":true}]}}