{"id":59,"date":"2020-04-13T07:31:49","date_gmt":"2020-04-13T07:31:49","guid":{"rendered":"http:\/\/amica.kosmetik-badwaldsee.de\/?page_id=59"},"modified":"2020-04-25T17:32:42","modified_gmt":"2020-04-25T17:32:42","slug":"koerperpflege","status":"publish","type":"page","link":"https:\/\/kosmetik-badwaldsee.de\/?page_id=59","title":{"rendered":"K\u00f6rperpflege"},"content":{"rendered":"\n<p>Lassen Sie sich mit einer entspannenden\u00a0<a href=\"http:\/\/amica.kosmetik-badwaldsee.de\/?page_id=147\">Ganzk\u00f6rperanwendung<\/a>\u00a0verw\u00f6hnen und genie\u00dfen Sie Haut wie Samt und Seide am ganzen K\u00f6rper. Unterst\u00fctzen Sie dieses Gef\u00fchl durch eine\u00a0<a href=\"http:\/\/beta.kosmetik-leutkirch.com\/?page_id=86\">Enthaarung<\/a>\u00a0von unseren Profis und werden Sie l\u00e4stige H\u00e4rchen los.<\/p>\n\n\n\n<p>Genie\u00dfen Sie Ihre R\u00fcckenmassage in Bad Waldsee oder gleich eine unserer besonderen K\u00f6rperanwendungen, z.B. von Clarins. <\/p>\n\n\n\n<p>Besonders unsere H\u00e4nde sind unsere Visitenkarte: Ob privat oder im Berufsleben, gepflegte H\u00e4nde sorgen f\u00fcr einen perfekten ersten \u2013 und zweiten \u2013 Eindruck. Mit unseren&nbsp;<a href=\"http:\/\/beta.kosmetik-leutkirch.com\/?page_id=88\">Extras f\u00fcr H\u00e4nde und F\u00fc\u00dfe<\/a>&nbsp;gehen Sie auf Nummer sicher.<\/p>\n","protected":false},"excerpt":{"rendered":"<p>Lassen Sie sich mit einer entspannenden\u00a0Ganzk\u00f6rperanwendung\u00a0verw\u00f6hnen und genie\u00dfen Sie Haut wie Samt und Seide am ganzen K\u00f6rper. Unterst\u00fctzen Sie dieses Gef\u00fchl durch eine\u00a0Enthaarung\u00a0von unseren Profis und werden Sie l\u00e4stige H\u00e4rchen los. Genie\u00dfen Sie Ihre R\u00fcckenmassage in Bad Waldsee oder gleich eine unserer besonderen K\u00f6rperanwendungen, z.B. von Clarins. Besonders unsere H\u00e4nde sind unsere Visitenkarte: Ob privat [&hellip;]<\/p>\n","protected":false},"author":1,"featured_media":28,"parent":0,"menu_order":0,"comment_status":"closed","ping_status":"closed","template":"","meta":{"_mi_skip_tracking":false},"yoast_head":"<!-- This site is optimized with the Yoast SEO plugin v20.1 - https:\/\/yoast.com\/wordpress\/plugins\/seo\/ -->\n<title>Ganzk\u00f6rper Anwendung Bad Waldsee - Ihre Beauty Profis<\/title>\n<meta name=\"description\" content=\"Genie\u00dfen Sie Ihre Ganzk\u00f6rper Anwendung oder Massage in Bad Waldsee - lassen Sie sich von unseren Pflege Experten zu Ihrem individuellen Bedarf beraten!\" \/>\n<meta name=\"robots\" content=\"index, follow, max-snippet:-1, max-image-preview:large, max-video-preview:-1\" \/>\n<link rel=\"canonical\" href=\"https:\/\/kosmetik-badwaldsee.de\/?page_id=59\" \/>\n<meta property=\"og:locale\" content=\"de_DE\" \/>\n<meta property=\"og:type\" content=\"article\" \/>\n<meta property=\"og:title\" content=\"Ganzk\u00f6rper Anwendung Bad Waldsee - Ihre Beauty Profis\" \/>\n<meta property=\"og:description\" content=\"Genie\u00dfen Sie Ihre Ganzk\u00f6rper Anwendung oder Massage in Bad Waldsee - lassen Sie sich von unseren Pflege Experten zu Ihrem individuellen Bedarf beraten!\" \/>\n<meta property=\"og:url\" content=\"https:\/\/kosmetik-badwaldsee.de\/?page_id=59\" \/>\n<meta property=\"og:site_name\" content=\"Kosmetik Bad Waldsee\" \/>\n<meta property=\"article:modified_time\" content=\"2020-04-25T17:32:42+00:00\" \/>\n<meta property=\"og:image\" content=\"https:\/\/kosmetik-badwaldsee.de\/wp-content\/uploads\/2020\/04\/Fotolia_139378924_M.jpg\" \/>\n\t<meta property=\"og:image:width\" content=\"1688\" \/>\n\t<meta property=\"og:image:height\" content=\"1125\" \/>\n\t<meta property=\"og:image:type\" content=\"image\/jpeg\" \/>\n<meta name=\"twitter:card\" content=\"summary_large_image\" \/>\n<meta name=\"twitter:label1\" content=\"Gesch\u00e4tzte Lesezeit\" \/>\n\t<meta name=\"twitter:data1\" content=\"1\u00a0Minute\" \/>\n<script type=\"application\/ld+json\" class=\"yoast-schema-graph\">{\"@context\":\"https:\/\/schema.org\",\"@graph\":[{\"@type\":\"WebPage\",\"@id\":\"https:\/\/kosmetik-badwaldsee.de\/?page_id=59\",\"url\":\"https:\/\/kosmetik-badwaldsee.de\/?page_id=59\",\"name\":\"Ganzk\u00f6rper Anwendung Bad Waldsee - Ihre Beauty Profis\",\"isPartOf\":{\"@id\":\"https:\/\/kosmetik-badwaldsee.de\/#website\"},\"datePublished\":\"2020-04-13T07:31:49+00:00\",\"dateModified\":\"2020-04-25T17:32:42+00:00\",\"description\":\"Genie\u00dfen Sie Ihre Ganzk\u00f6rper Anwendung oder Massage in Bad Waldsee - lassen Sie sich von unseren Pflege Experten zu Ihrem individuellen Bedarf beraten!\",\"breadcrumb\":{\"@id\":\"https:\/\/kosmetik-badwaldsee.de\/?page_id=59#breadcrumb\"},\"inLanguage\":\"de\",\"potentialAction\":[{\"@type\":\"ReadAction\",\"target\":[\"https:\/\/kosmetik-badwaldsee.de\/?page_id=59\"]}]},{\"@type\":\"BreadcrumbList\",\"@id\":\"https:\/\/kosmetik-badwaldsee.de\/?page_id=59#breadcrumb\",\"itemListElement\":[{\"@type\":\"ListItem\",\"position\":1,\"name\":\"Startseite\",\"item\":\"https:\/\/kosmetik-badwaldsee.de\/\"},{\"@type\":\"ListItem\",\"position\":2,\"name\":\"K\u00f6rperpflege\"}]},{\"@type\":\"WebSite\",\"@id\":\"https:\/\/kosmetik-badwaldsee.de\/#website\",\"url\":\"https:\/\/kosmetik-badwaldsee.de\/\",\"name\":\"Kosmetik Bad Waldsee\",\"description\":\"\",\"publisher\":{\"@id\":\"https:\/\/kosmetik-badwaldsee.de\/#organization\"},\"potentialAction\":[{\"@type\":\"SearchAction\",\"target\":{\"@type\":\"EntryPoint\",\"urlTemplate\":\"https:\/\/kosmetik-badwaldsee.de\/?s={search_term_string}\"},\"query-input\":\"required name=search_term_string\"}],\"inLanguage\":\"de\"},{\"@type\":\"Organization\",\"@id\":\"https:\/\/kosmetik-badwaldsee.de\/#organization\",\"name\":\"Kosmetik Bad Waldsee\",\"url\":\"https:\/\/kosmetik-badwaldsee.de\/\",\"logo\":{\"@type\":\"ImageObject\",\"inLanguage\":\"de\",\"@id\":\"https:\/\/kosmetik-badwaldsee.de\/#\/schema\/logo\/image\/\",\"url\":\"https:\/\/kosmetik-badwaldsee.de\/wp-content\/uploads\/2020\/04\/Amica_Bittel_2c.jpg\",\"contentUrl\":\"https:\/\/kosmetik-badwaldsee.de\/wp-content\/uploads\/2020\/04\/Amica_Bittel_2c.jpg\",\"width\":1392,\"height\":630,\"caption\":\"Kosmetik Bad Waldsee\"},\"image\":{\"@id\":\"https:\/\/kosmetik-badwaldsee.de\/#\/schema\/logo\/image\/\"}}]}<\/script>\n<!-- \/ Yoast SEO plugin. -->","yoast_head_json":{"title":"Ganzk\u00f6rper Anwendung Bad Waldsee - Ihre Beauty Profis","description":"Genie\u00dfen Sie Ihre Ganzk\u00f6rper Anwendung oder Massage in Bad Waldsee - lassen Sie sich von unseren Pflege Experten zu Ihrem individuellen Bedarf beraten!","robots":{"index":"index","follow":"follow","max-snippet":"max-snippet:-1","max-image-preview":"max-image-preview:large","max-video-preview":"max-video-preview:-1"},"canonical":"https:\/\/kosmetik-badwaldsee.de\/?page_id=59","og_locale":"de_DE","og_type":"article","og_title":"Ganzk\u00f6rper Anwendung Bad Waldsee - Ihre Beauty Profis","og_description":"Genie\u00dfen Sie Ihre Ganzk\u00f6rper Anwendung oder Massage in Bad Waldsee - lassen Sie sich von unseren Pflege Experten zu Ihrem individuellen Bedarf beraten!","og_url":"https:\/\/kosmetik-badwaldsee.de\/?page_id=59","og_site_name":"Kosmetik Bad Waldsee","article_modified_time":"2020-04-25T17:32:42+00:00","og_image":[{"width":1688,"height":1125,"url":"https:\/\/kosmetik-badwaldsee.de\/wp-content\/uploads\/2020\/04\/Fotolia_139378924_M.jpg","type":"image\/jpeg"}],"twitter_card":"summary_large_image","twitter_misc":{"Gesch\u00e4tzte Lesezeit":"1\u00a0Minute"},"schema":{"@context":"https:\/\/schema.org","@graph":[{"@type":"WebPage","@id":"https:\/\/kosmetik-badwaldsee.de\/?page_id=59","url":"https:\/\/kosmetik-badwaldsee.de\/?page_id=59","name":"Ganzk\u00f6rper Anwendung Bad Waldsee - Ihre Beauty Profis","isPartOf":{"@id":"https:\/\/kosmetik-badwaldsee.de\/#website"},"datePublished":"2020-04-13T07:31:49+00:00","dateModified":"2020-04-25T17:32:42+00:00","description":"Genie\u00dfen Sie Ihre Ganzk\u00f6rper Anwendung oder Massage in Bad Waldsee - lassen Sie sich von unseren Pflege Experten zu Ihrem individuellen Bedarf beraten!","breadcrumb":{"@id":"https:\/\/kosmetik-badwaldsee.de\/?page_id=59#breadcrumb"},"inLanguage":"de","potentialAction":[{"@type":"ReadAction","target":["https:\/\/kosmetik-badwaldsee.de\/?page_id=59"]}]},{"@type":"BreadcrumbList","@id":"https:\/\/kosmetik-badwaldsee.de\/?page_id=59#breadcrumb","itemListElement":[{"@type":"ListItem","position":1,"name":"Startseite","item":"https:\/\/kosmetik-badwaldsee.de\/"},{"@type":"ListItem","position":2,"name":"K\u00f6rperpflege"}]},{"@type":"WebSite","@id":"https:\/\/kosmetik-badwaldsee.de\/#website","url":"https:\/\/kosmetik-badwaldsee.de\/","name":"Kosmetik Bad Waldsee","description":"","publisher":{"@id":"https:\/\/kosmetik-badwaldsee.de\/#organization"},"potentialAction":[{"@type":"SearchAction","target":{"@type":"EntryPoint","urlTemplate":"https:\/\/kosmetik-badwaldsee.de\/?s={search_term_string}"},"query-input":"required name=search_term_string"}],"inLanguage":"de"},{"@type":"Organization","@id":"https:\/\/kosmetik-badwaldsee.de\/#organization","name":"Kosmetik Bad Waldsee","url":"https:\/\/kosmetik-badwaldsee.de\/","logo":{"@type":"ImageObject","inLanguage":"de","@id":"https:\/\/kosmetik-badwaldsee.de\/#\/schema\/logo\/image\/","url":"https:\/\/kosmetik-badwaldsee.de\/wp-content\/uploads\/2020\/04\/Amica_Bittel_2c.jpg","contentUrl":"https:\/\/kosmetik-badwaldsee.de\/wp-content\/uploads\/2020\/04\/Amica_Bittel_2c.jpg","width":1392,"height":630,"caption":"Kosmetik Bad Waldsee"},"image":{"@id":"https:\/\/kosmetik-badwaldsee.de\/#\/schema\/logo\/image\/"}}]}},"_links":{"self":[{"href":"https:\/\/kosmetik-badwaldsee.de\/index.php?rest_route=\/wp\/v2\/pages\/59"}],"collection":[{"href":"https:\/\/kosmetik-badwaldsee.de\/index.php?rest_route=\/wp\/v2\/pages"}],"about":[{"href":"https:\/\/kosmetik-badwaldsee.de\/index.php?rest_route=\/wp\/v2\/types\/page"}],"author":[{"embeddable":true,"href":"https:\/\/kosmetik-badwaldsee.de\/index.php?rest_route=\/wp\/v2\/users\/1"}],"replies":[{"embeddable":true,"href":"https:\/\/kosmetik-badwaldsee.de\/index.php?rest_route=%2Fwp%2Fv2%2Fcomments&post=59"}],"version-history":[{"count":3,"href":"https:\/\/kosmetik-badwaldsee.de\/index.php?rest_route=\/wp\/v2\/pages\/59\/revisions"}],"predecessor-version":[{"id":163,"href":"https:\/\/kosmetik-badwaldsee.de\/index.php?rest_route=\/wp\/v2\/pages\/59\/revisions\/163"}],"wp:featuredmedia":[{"embeddable":true,"href":"https:\/\/kosmetik-badwaldsee.de\/index.php?rest_route=\/wp\/v2\/media\/28"}],"wp:attachment":[{"href":"https:\/\/kosmetik-badwaldsee.de\/index.php?rest_route=%2Fwp%2Fv2%2Fmedia&parent=59"}],"curies":[{"name":"wp","href":"https:\/\/api.w.org\/{rel}","templated":true}]}}