{"id":70,"date":"2020-04-13T07:47:50","date_gmt":"2020-04-13T07:47:50","guid":{"rendered":"http:\/\/amica.kosmetik-badwaldsee.de\/?page_id=70"},"modified":"2025-12-02T11:01:52","modified_gmt":"2025-12-02T11:01:52","slug":"beauty-abo","status":"publish","type":"page","link":"https:\/\/kosmetik-badwaldsee.de\/?page_id=70","title":{"rendered":"Beauty Abo"},"content":{"rendered":"\n<p>Sie gehen regelm\u00e4\u00dfig zur Kosmetik Behandlung und m\u00f6chten dabei sparen? <\/p>\n\n\n\n<p>Sparen Sie mit unserem Beauty-Abo: Bei 6 Behandlungen erhalten Sie eine vom selben Typ gratis*!<\/p>\n\n\n\n<p>Zum Beispiel die <a href=\"http:\/\/amica.kosmetik-badwaldsee.de\/?page_id=79\">Clear Skin Behandlung<\/a> oder Ihr <a href=\"http:\/\/amica.kosmetik-badwaldsee.de\/?page_id=99\">Clarins Verw\u00f6hnprogramm<\/a> eignen sich perfekt f\u00fcr die Anwendung in regelm\u00e4\u00dfigen Abst\u00e4nden. <\/p>\n\n\n\n<p>Sichern Sie sich Ihren Wunschtermin durch rechtzeitige Terminvereinbarung.<br>Bitte sagen Sie Ihre Termine rechtzeitig ab, damit wir umdisponieren k\u00f6nnen, sollten Sie einmal verhindert sein.<\/p>\n\n\n<a class=\"maxbutton-1 maxbutton maxbutton-termin-buchen\" target=\"_blank\" rel=\"noopener\" href=\"http:\/\/widget.timify.com\/partner\/e5db654d-1644-440b-97a4-9a4fd3c9c54c-594508dd2a225d0f383c586c?showGuestForm=true\"><span class='mb-text'>Jetzt Termin buchen!<\/span><\/a>\n\n\n<p><\/p>\n\n\n\n<p><\/p>\n\n\n\n<p>*Nicht anwendbar auf Anwendungen aus dem Bereich Manik\u00fcre \/ Pedik\u00fcre<\/p>\n","protected":false},"excerpt":{"rendered":"<p>Sie gehen regelm\u00e4\u00dfig zur Kosmetik Behandlung und m\u00f6chten dabei sparen? Sparen Sie mit unserem Beauty-Abo: Bei 6 Behandlungen erhalten Sie eine vom selben Typ gratis*! Zum Beispiel die Clear Skin Behandlung oder Ihr Clarins Verw\u00f6hnprogramm eignen sich perfekt f\u00fcr die Anwendung in regelm\u00e4\u00dfigen Abst\u00e4nden. Sichern Sie sich Ihren Wunschtermin durch rechtzeitige Terminvereinbarung.Bitte sagen Sie Ihre [&hellip;]<\/p>\n","protected":false},"author":1,"featured_media":24,"parent":0,"menu_order":0,"comment_status":"closed","ping_status":"closed","template":"","meta":{"_mi_skip_tracking":false},"yoast_head":"<!-- This site is optimized with the Yoast SEO plugin v20.1 - https:\/\/yoast.com\/wordpress\/plugins\/seo\/ -->\n<title>Jetzt bei Kosmetik Behandlung sparen - Nutzen Sie unser Beauty Abo<\/title>\n<meta name=\"description\" content=\"Sie gehen regelm\u00e4\u00dfig zur Kosmetik Behandlung und m\u00f6chten dabei sparen? Nutzen Sie jetzt unser Beauty Abo in Bad Waldsee und strahlen Sie noch mehr!\" \/>\n<meta name=\"robots\" content=\"index, follow, max-snippet:-1, max-image-preview:large, max-video-preview:-1\" \/>\n<link rel=\"canonical\" href=\"https:\/\/kosmetik-badwaldsee.de\/?page_id=70\" \/>\n<meta property=\"og:locale\" content=\"de_DE\" \/>\n<meta property=\"og:type\" content=\"article\" \/>\n<meta property=\"og:title\" content=\"Jetzt bei Kosmetik Behandlung sparen - Nutzen Sie unser Beauty Abo\" \/>\n<meta property=\"og:description\" content=\"Sie gehen regelm\u00e4\u00dfig zur Kosmetik Behandlung und m\u00f6chten dabei sparen? Nutzen Sie jetzt unser Beauty Abo in Bad Waldsee und strahlen Sie noch mehr!\" \/>\n<meta property=\"og:url\" content=\"https:\/\/kosmetik-badwaldsee.de\/?page_id=70\" \/>\n<meta property=\"og:site_name\" content=\"Kosmetik Bad Waldsee\" \/>\n<meta property=\"article:modified_time\" content=\"2025-12-02T11:01:52+00:00\" \/>\n<meta property=\"og:image\" content=\"https:\/\/kosmetik-badwaldsee.de\/wp-content\/uploads\/2020\/04\/Fotolia_182539826_S.jpg\" \/>\n\t<meta property=\"og:image:width\" content=\"849\" \/>\n\t<meta property=\"og:image:height\" content=\"566\" \/>\n\t<meta property=\"og:image:type\" content=\"image\/jpeg\" \/>\n<meta name=\"twitter:card\" content=\"summary_large_image\" \/>\n<meta name=\"twitter:label1\" content=\"Gesch\u00e4tzte Lesezeit\" \/>\n\t<meta name=\"twitter:data1\" content=\"1\u00a0Minute\" \/>\n<script type=\"application\/ld+json\" class=\"yoast-schema-graph\">{\"@context\":\"https:\/\/schema.org\",\"@graph\":[{\"@type\":\"WebPage\",\"@id\":\"https:\/\/kosmetik-badwaldsee.de\/?page_id=70\",\"url\":\"https:\/\/kosmetik-badwaldsee.de\/?page_id=70\",\"name\":\"Jetzt bei Kosmetik Behandlung sparen - Nutzen Sie unser Beauty Abo\",\"isPartOf\":{\"@id\":\"https:\/\/kosmetik-badwaldsee.de\/#website\"},\"datePublished\":\"2020-04-13T07:47:50+00:00\",\"dateModified\":\"2025-12-02T11:01:52+00:00\",\"description\":\"Sie gehen regelm\u00e4\u00dfig zur Kosmetik Behandlung und m\u00f6chten dabei sparen? Nutzen Sie jetzt unser Beauty Abo in Bad Waldsee und strahlen Sie noch mehr!\",\"breadcrumb\":{\"@id\":\"https:\/\/kosmetik-badwaldsee.de\/?page_id=70#breadcrumb\"},\"inLanguage\":\"de\",\"potentialAction\":[{\"@type\":\"ReadAction\",\"target\":[\"https:\/\/kosmetik-badwaldsee.de\/?page_id=70\"]}]},{\"@type\":\"BreadcrumbList\",\"@id\":\"https:\/\/kosmetik-badwaldsee.de\/?page_id=70#breadcrumb\",\"itemListElement\":[{\"@type\":\"ListItem\",\"position\":1,\"name\":\"Startseite\",\"item\":\"https:\/\/kosmetik-badwaldsee.de\/\"},{\"@type\":\"ListItem\",\"position\":2,\"name\":\"Beauty Abo\"}]},{\"@type\":\"WebSite\",\"@id\":\"https:\/\/kosmetik-badwaldsee.de\/#website\",\"url\":\"https:\/\/kosmetik-badwaldsee.de\/\",\"name\":\"Kosmetik Bad Waldsee\",\"description\":\"\",\"publisher\":{\"@id\":\"https:\/\/kosmetik-badwaldsee.de\/#organization\"},\"potentialAction\":[{\"@type\":\"SearchAction\",\"target\":{\"@type\":\"EntryPoint\",\"urlTemplate\":\"https:\/\/kosmetik-badwaldsee.de\/?s={search_term_string}\"},\"query-input\":\"required name=search_term_string\"}],\"inLanguage\":\"de\"},{\"@type\":\"Organization\",\"@id\":\"https:\/\/kosmetik-badwaldsee.de\/#organization\",\"name\":\"Kosmetik Bad Waldsee\",\"url\":\"https:\/\/kosmetik-badwaldsee.de\/\",\"logo\":{\"@type\":\"ImageObject\",\"inLanguage\":\"de\",\"@id\":\"https:\/\/kosmetik-badwaldsee.de\/#\/schema\/logo\/image\/\",\"url\":\"https:\/\/kosmetik-badwaldsee.de\/wp-content\/uploads\/2020\/04\/Amica_Bittel_2c.jpg\",\"contentUrl\":\"https:\/\/kosmetik-badwaldsee.de\/wp-content\/uploads\/2020\/04\/Amica_Bittel_2c.jpg\",\"width\":1392,\"height\":630,\"caption\":\"Kosmetik Bad Waldsee\"},\"image\":{\"@id\":\"https:\/\/kosmetik-badwaldsee.de\/#\/schema\/logo\/image\/\"}}]}<\/script>\n<!-- \/ Yoast SEO plugin. -->","yoast_head_json":{"title":"Jetzt bei Kosmetik Behandlung sparen - Nutzen Sie unser Beauty Abo","description":"Sie gehen regelm\u00e4\u00dfig zur Kosmetik Behandlung und m\u00f6chten dabei sparen? Nutzen Sie jetzt unser Beauty Abo in Bad Waldsee und strahlen Sie noch mehr!","robots":{"index":"index","follow":"follow","max-snippet":"max-snippet:-1","max-image-preview":"max-image-preview:large","max-video-preview":"max-video-preview:-1"},"canonical":"https:\/\/kosmetik-badwaldsee.de\/?page_id=70","og_locale":"de_DE","og_type":"article","og_title":"Jetzt bei Kosmetik Behandlung sparen - Nutzen Sie unser Beauty Abo","og_description":"Sie gehen regelm\u00e4\u00dfig zur Kosmetik Behandlung und m\u00f6chten dabei sparen? Nutzen Sie jetzt unser Beauty Abo in Bad Waldsee und strahlen Sie noch mehr!","og_url":"https:\/\/kosmetik-badwaldsee.de\/?page_id=70","og_site_name":"Kosmetik Bad Waldsee","article_modified_time":"2025-12-02T11:01:52+00:00","og_image":[{"width":849,"height":566,"url":"https:\/\/kosmetik-badwaldsee.de\/wp-content\/uploads\/2020\/04\/Fotolia_182539826_S.jpg","type":"image\/jpeg"}],"twitter_card":"summary_large_image","twitter_misc":{"Gesch\u00e4tzte Lesezeit":"1\u00a0Minute"},"schema":{"@context":"https:\/\/schema.org","@graph":[{"@type":"WebPage","@id":"https:\/\/kosmetik-badwaldsee.de\/?page_id=70","url":"https:\/\/kosmetik-badwaldsee.de\/?page_id=70","name":"Jetzt bei Kosmetik Behandlung sparen - Nutzen Sie unser Beauty Abo","isPartOf":{"@id":"https:\/\/kosmetik-badwaldsee.de\/#website"},"datePublished":"2020-04-13T07:47:50+00:00","dateModified":"2025-12-02T11:01:52+00:00","description":"Sie gehen regelm\u00e4\u00dfig zur Kosmetik Behandlung und m\u00f6chten dabei sparen? Nutzen Sie jetzt unser Beauty Abo in Bad Waldsee und strahlen Sie noch mehr!","breadcrumb":{"@id":"https:\/\/kosmetik-badwaldsee.de\/?page_id=70#breadcrumb"},"inLanguage":"de","potentialAction":[{"@type":"ReadAction","target":["https:\/\/kosmetik-badwaldsee.de\/?page_id=70"]}]},{"@type":"BreadcrumbList","@id":"https:\/\/kosmetik-badwaldsee.de\/?page_id=70#breadcrumb","itemListElement":[{"@type":"ListItem","position":1,"name":"Startseite","item":"https:\/\/kosmetik-badwaldsee.de\/"},{"@type":"ListItem","position":2,"name":"Beauty Abo"}]},{"@type":"WebSite","@id":"https:\/\/kosmetik-badwaldsee.de\/#website","url":"https:\/\/kosmetik-badwaldsee.de\/","name":"Kosmetik Bad Waldsee","description":"","publisher":{"@id":"https:\/\/kosmetik-badwaldsee.de\/#organization"},"potentialAction":[{"@type":"SearchAction","target":{"@type":"EntryPoint","urlTemplate":"https:\/\/kosmetik-badwaldsee.de\/?s={search_term_string}"},"query-input":"required name=search_term_string"}],"inLanguage":"de"},{"@type":"Organization","@id":"https:\/\/kosmetik-badwaldsee.de\/#organization","name":"Kosmetik Bad Waldsee","url":"https:\/\/kosmetik-badwaldsee.de\/","logo":{"@type":"ImageObject","inLanguage":"de","@id":"https:\/\/kosmetik-badwaldsee.de\/#\/schema\/logo\/image\/","url":"https:\/\/kosmetik-badwaldsee.de\/wp-content\/uploads\/2020\/04\/Amica_Bittel_2c.jpg","contentUrl":"https:\/\/kosmetik-badwaldsee.de\/wp-content\/uploads\/2020\/04\/Amica_Bittel_2c.jpg","width":1392,"height":630,"caption":"Kosmetik Bad Waldsee"},"image":{"@id":"https:\/\/kosmetik-badwaldsee.de\/#\/schema\/logo\/image\/"}}]}},"_links":{"self":[{"href":"https:\/\/kosmetik-badwaldsee.de\/index.php?rest_route=\/wp\/v2\/pages\/70"}],"collection":[{"href":"https:\/\/kosmetik-badwaldsee.de\/index.php?rest_route=\/wp\/v2\/pages"}],"about":[{"href":"https:\/\/kosmetik-badwaldsee.de\/index.php?rest_route=\/wp\/v2\/types\/page"}],"author":[{"embeddable":true,"href":"https:\/\/kosmetik-badwaldsee.de\/index.php?rest_route=\/wp\/v2\/users\/1"}],"replies":[{"embeddable":true,"href":"https:\/\/kosmetik-badwaldsee.de\/index.php?rest_route=%2Fwp%2Fv2%2Fcomments&post=70"}],"version-history":[{"count":3,"href":"https:\/\/kosmetik-badwaldsee.de\/index.php?rest_route=\/wp\/v2\/pages\/70\/revisions"}],"predecessor-version":[{"id":684,"href":"https:\/\/kosmetik-badwaldsee.de\/index.php?rest_route=\/wp\/v2\/pages\/70\/revisions\/684"}],"wp:featuredmedia":[{"embeddable":true,"href":"https:\/\/kosmetik-badwaldsee.de\/index.php?rest_route=\/wp\/v2\/media\/24"}],"wp:attachment":[{"href":"https:\/\/kosmetik-badwaldsee.de\/index.php?rest_route=%2Fwp%2Fv2%2Fmedia&parent=70"}],"curies":[{"name":"wp","href":"https:\/\/api.w.org\/{rel}","templated":true}]}}

<p>Sie gehen regelmäßig zur Kosmetik Behandlung und möchten dabei sparen? </p>



<p>Sparen Sie mit unserem Beauty-Abo: Bei 6 Behandlungen erhalten Sie eine vom selben Typ gratis*!</p>



<p>Zum Beispiel die <a href="http://amica.kosmetik-badwaldsee.de/?page_id=79">Clear Skin Behandlung</a> oder Ihr <a href="http://amica.kosmetik-badwaldsee.de/?page_id=99">Clarins Verwöhnprogramm</a> eignen sich perfekt für die Anwendung in regelmäßigen Abständen. </p>



<p>Sichern Sie sich Ihren Wunschtermin durch rechtzeitige Terminvereinbarung.<br>Bitte sagen Sie Ihre Termine rechtzeitig ab, damit wir umdisponieren können, sollten Sie einmal verhindert sein.</p>


<a class="maxbutton-1 maxbutton maxbutton-termin-buchen" target="_blank" rel="noopener" href="http://widget.timify.com/partner/e5db654d-1644-440b-97a4-9a4fd3c9c54c-594508dd2a225d0f383c586c?showGuestForm=true"><span class='mb-text'>Jetzt Termin buchen!</span></a>


<p></p>



<p></p>



<p>*Nicht anwendbar auf Anwendungen aus dem Bereich Maniküre / Pediküre</p>

<p>Sie gehen regelmäßig zur Kosmetik Behandlung und möchten dabei sparen? Sparen Sie mit unserem Beauty-Abo: Bei 6 Behandlungen erhalten Sie eine vom selben Typ gratis*! Zum Beispiel die Clear Skin Behandlung oder Ihr Clarins Verwöhnprogramm eignen sich perfekt für die Anwendung in regelmäßigen Abständen. Sichern Sie sich Ihren Wunschtermin durch rechtzeitige Terminvereinbarung.Bitte sagen Sie Ihre [&hellip;]</p>

<!-- This site is optimized with the Yoast SEO plugin v20.1 - https://yoast.com/wordpress/plugins/seo/ -->
<title>Jetzt bei Kosmetik Behandlung sparen - Nutzen Sie unser Beauty Abo</title>
<meta name="description" content="Sie gehen regelmäßig zur Kosmetik Behandlung und möchten dabei sparen? Nutzen Sie jetzt unser Beauty Abo in Bad Waldsee und strahlen Sie noch mehr!" />
<meta name="robots" content="index, follow, max-snippet:-1, max-image-preview:large, max-video-preview:-1" />
<link rel="canonical" href="https://kosmetik-badwaldsee.de/?page_id=70" />
<meta property="og:locale" content="de_DE" />
<meta property="og:type" content="article" />
<meta property="og:title" content="Jetzt bei Kosmetik Behandlung sparen - Nutzen Sie unser Beauty Abo" />
<meta property="og:description" content="Sie gehen regelmäßig zur Kosmetik Behandlung und möchten dabei sparen? Nutzen Sie jetzt unser Beauty Abo in Bad Waldsee und strahlen Sie noch mehr!" />
<meta property="og:url" content="https://kosmetik-badwaldsee.de/?page_id=70" />
<meta property="og:site_name" content="Kosmetik Bad Waldsee" />
<meta property="article:modified_time" content="2025-12-02T11:01:52+00:00" />
<meta property="og:image" content="https://kosmetik-badwaldsee.de/wp-content/uploads/2020/04/Fotolia_182539826_S.jpg" />
	<meta property="og:image:width" content="849" />
	<meta property="og:image:height" content="566" />
	<meta property="og:image:type" content="image/jpeg" />
<meta name="twitter:card" content="summary_large_image" />
<meta name="twitter:label1" content="Geschätzte Lesezeit" />
	<meta name="twitter:data1" content="1 Minute" />
<script type="application/ld+json" class="yoast-schema-graph">{"@context":"https://schema.org","@graph":[{"@type":"WebPage","@id":"https://kosmetik-badwaldsee.de/?page_id=70","url":"https://kosmetik-badwaldsee.de/?page_id=70","name":"Jetzt bei Kosmetik Behandlung sparen - Nutzen Sie unser Beauty Abo","isPartOf":{"@id":"https://kosmetik-badwaldsee.de/#website"},"datePublished":"2020-04-13T07:47:50+00:00","dateModified":"2025-12-02T11:01:52+00:00","description":"Sie gehen regelmäßig zur Kosmetik Behandlung und möchten dabei sparen? Nutzen Sie jetzt unser Beauty Abo in Bad Waldsee und strahlen Sie noch mehr!","breadcrumb":{"@id":"https://kosmetik-badwaldsee.de/?page_id=70#breadcrumb"},"inLanguage":"de","potentialAction":[{"@type":"ReadAction","target":["https://kosmetik-badwaldsee.de/?page_id=70"]}]},{"@type":"BreadcrumbList","@id":"https://kosmetik-badwaldsee.de/?page_id=70#breadcrumb","itemListElement":[{"@type":"ListItem","position":1,"name":"Startseite","item":"https://kosmetik-badwaldsee.de/"},{"@type":"ListItem","position":2,"name":"Beauty Abo"}]},{"@type":"WebSite","@id":"https://kosmetik-badwaldsee.de/#website","url":"https://kosmetik-badwaldsee.de/","name":"Kosmetik Bad Waldsee","description":"","publisher":{"@id":"https://kosmetik-badwaldsee.de/#organization"},"potentialAction":[{"@type":"SearchAction","target":{"@type":"EntryPoint","urlTemplate":"https://kosmetik-badwaldsee.de/?s={search_term_string}"},"query-input":"required name=search_term_string"}],"inLanguage":"de"},{"@type":"Organization","@id":"https://kosmetik-badwaldsee.de/#organization","name":"Kosmetik Bad Waldsee","url":"https://kosmetik-badwaldsee.de/","logo":{"@type":"ImageObject","inLanguage":"de","@id":"https://kosmetik-badwaldsee.de/#/schema/logo/image/","url":"https://kosmetik-badwaldsee.de/wp-content/uploads/2020/04/Amica_Bittel_2c.jpg","contentUrl":"https://kosmetik-badwaldsee.de/wp-content/uploads/2020/04/Amica_Bittel_2c.jpg","width":1392,"height":630,"caption":"Kosmetik Bad Waldsee"},"image":{"@id":"https://kosmetik-badwaldsee.de/#/schema/logo/image/"}}]}</script>
<!-- / Yoast SEO plugin. -->

Sie gehen regelmäßig zur Kosmetik Behandlung und möchten dabei sparen? Nutzen Sie jetzt unser Beauty Abo in Bad Waldsee und strahlen Sie noch mehr!
